066*(-35)/30 + -1*1. Calculate the greatest common divisor of 48 and d.
16
Let x = -7 - -12. Suppose 2*f - 562 = -x*q, -2*q - 2*f = -272 + 46. Let m(t) = -6*t**2 - 6*t + 14. Let y be m(0). What is the greatest common factor of q and y?
14
Let y be (9 - 129)/(-12)*160. What is the highest common factor of y and 50?
50
Suppose -54008 - 50868 = -142*u - 32030. What is the greatest common factor of u and 540?
27
Let b be 112/28 + 436 + 2. Let i be 200/75*(b + (0 - -2)). Calculate the greatest common factor of i and 32.
32
Let q = -10361 + 10367. Calculate the highest common divisor of q and 489.
3
Let n(v) = -v**3 + 8*v**2 - 4*v - 16. Let g be n(7). Suppose -7 = g*f + 28. Let i be ((-7)/f)/((-1)/(-7)). Calculate the highest common factor of i and 21.
7
Suppose -16*j = -5724 + 732. Calculate the greatest common divisor of 2418 and j.
78
Let v be (8988/(-63))/(1 - (-305)/(-285)). What is the greatest common factor of 171 and v?
19
Suppose -v = 8*q - 4*q - 15, 9*v - 5*q = 135. Let p = 24 + -15. What is the greatest common divisor of p and v?
3
Let o be (-4)/(-6)*(3 - 6). Let b(p) = -7*p. Let t be b(o). Suppose 0*d = 2*z - 4*d - 60, 50 = 2*z + 6*d. What is the greatest common factor of t and z?
14
Suppose -253 = 19*v - 462. Let g = -1 + v. What is the greatest common divisor of g and 90?
10
Suppose 55*d = 70*d - 27540. Calculate the greatest common factor of 136 and d.
68
Let t(p) = -2*p - 7. Let j(d) = -3*d - 7. Let l(n) = -3*j(n) + 4*t(n). Let a be l(11). Calculate the highest common divisor of 13 and a.
1
Let g = -8093 - -9952. What is the greatest common divisor of g and 1001?
143
Let l = 260 - 139. Suppose f + 5*r - 83 + 4 = 0, 0 = r + 2. Let a = l - f. Calculate the greatest common factor of a and 8.
8
Let n(h) = 131*h - 4569. Let v be n(39). What is the greatest common factor of v and 660?
60
Let n = 1401 + -785. Let q = 1183 - 1106. Calculate the highest common factor of q and n.
77
Let f be (-494)/(-1*(-2)/(-4)). Let z be (800/(-5))/(-8)*((-145)/(-25) - 2). What is the highest common divisor of f and z?
76
Suppose -2*n - 2*o - 6 = 0, 0 = n - 5*o - 23 - 4. Let h be 54/3*5/15. Let y = 12 - h. Calculate the highest common factor of y and n.
2
Let f = 120 - 129. Let p(b) = -2*b**2 - 22*b - 5. Let s be p(f). Suppose 5*n - t = 4*n + 158, 4*t + 167 = n. Calculate the highest common divisor of s and n.
31
Suppose 1 = -5*l + 16, -2*l - 5466 = -4*w. Suppose 0 = -33*g + 976 - 153 + 1553. Calculate the greatest common divisor of g and w.
72
Let z(c) = -65*c + 590. Let a be z(-14). Calculate the highest common divisor of a and 360.
60
Suppose -4660 = 7*k + 2900. Let v be 88/9 - 15/(k/16). Calculate the highest common factor of v and 120.
10
Let l(i) = i**2 + 32*i - 73. Let j be l(4). What is the highest common factor of j and 38837?
71
Let k = 4258 + -3493. Calculate the highest common factor of 405 and k.
45
Suppose 81*m = -118*m + 1393. What is the highest common factor of 2506 and m?
7
Suppose 0 = g + 4*z - 8, -3*g + 5*z - z = -8. Suppose 2*y = -4*f + 1084, g*f - 3*y = 952 + 152. Calculate the greatest common factor of 21 and f.
21
Let m be (2/(-9) + (-215)/774)*-3686. Suppose -m = -2*v - 503. What is the highest common divisor of v and 10?
10
Let k(g) = 4*g + 90. Suppose 0 = -t + 3*x - 0 - 6, 0 = t + 4*x - 8. Let r be k(t). Let d be (-5)/(50/8)*-45. What is the highest common factor of r and d?
18
Let o be (4/(-5))/((-106)/265). Suppose -2*q - 54 = -3*q - g, o*q - g - 117 = 0. Calculate the greatest common divisor of q and 152.
19
Let o be (-6)/24 + 533/4. Let h = -4076 - -4152. What is the greatest common divisor of h and o?
19
Let d(g) = 498*g**2 - 149*g + 631. Let w be d(4). Calculate the highest common factor of 106 and w.
53
Suppose 0 = -4*s - 13 + 453. Let m be (9 - (4 - 63/(-14)))*(9 - -1). Calculate the highest common factor of m and s.
5
Let f(n) = -21*n - 29. Let k be f(-8). Let p = 65 + k. Let s = p - 113. Calculate the highest common factor of 13 and s.
13
Let v be 12/(-10)*-5 - -12009. Calculate the highest common divisor of v and 54.
27
Let l = 5755 - 3463. Calculate the greatest common divisor of l and 48.
12
Let a = -2470 - -2645. What is the greatest common factor of 25 and a?
25
Let i(y) = 2*y**2 + y. Let g be i(-3). Let l = 43 - g. Let s = -26 + l. What is the highest common factor of 6 and s?
2
Let g = -7913 + 16870. What is the greatest common factor of 53 and g?
53
Let b(l) = 12*l + 321. Let h be b(14). What is the highest common divisor of 9 and h?
3
Suppose 3*p + p = -o - 74, -3*o + 4*p - 238 = 0. Let i(r) = -4*r**2 + 5*r + 6. Let m be i(5). Let h = m - o. What is the greatest common factor of 1 and h?
1
Let d(u) = -91*u**3 + 3*u**2 + 4*u. Let b be d(-1). Suppose -822 = -10*m - 102. Calculate the highest common factor of b and m.
18
Let w(x) = x**2 - 66*x + 1070. Let h be w(47). Calculate the greatest common divisor of 12 and h.
3
Let n = -2609 + 6897. Calculate the greatest common factor of 256 and n.
64
Let i(t) = t**3 + t**2 + t. Let p(h) = 9*h**3 + 6*h**2 - 3*h. Let l(b) = -2*i(b) + p(b). Let a be l(1). Calculate the highest common factor of a and 102.
6
Suppose -2*v + 238 = 70. Let x = 1480 - 1375. Calculate the greatest common factor of x and v.
21
Let d be ((1 + -2)*1)/(14/(-322)). Suppose -3*m + 0*m + 39 = 0. Suppose -d = -9*k + m. Calculate the highest common factor of 4 and k.
4
Let u = 188 + -171. Let w be (1 - 103)/((-1)/9). Suppose -2*v + w = 4*v. What is the highest common factor of u and v?
17
Suppose -2030*u + 2051*u - 1260 = 0. Calculate the greatest common divisor of 2860 and u.
20
Let v(s) = -14*s - 28. Let w = 25 + -35. Let u be v(w). Calculate the greatest common divisor of u and 48.
16
Let g be ((-45)/(-25) + -2)*0 + 6. Suppose 1750 = g*z + 19*z. Calculate the highest common divisor of z and 560.
70
Let s = -42 + 42. Let r(f) = -f**3 - f**2 - f + 60. Let t be r(s). What is the greatest common factor of 30 and t?
30
Let v = 4 + -2. Suppose -v*q = 3*q - 10. Suppose 0 = -2*c + 5*f - 17, -47*c - 68 = -59*c - 4*f. What is the highest common divisor of q and c?
2
Let d(y) = 2772*y + 4547. Let l be d(3). Calculate the highest common factor of 19 and l.
19
Let j(s) = -s**3 + 16*s**2 - 11*s - 42. Let u be j(15). Let i be (-3*(0 - -2))/((-3)/u). Calculate the greatest common factor of i and 198.
18
Let l = -5323 + 9908. Calculate the greatest common divisor of l and 70.
35
Suppose 0 = -5*o + 14*z - 15*z + 976, 5*z = 2*o - 385. What is the greatest common factor of 130 and o?
65
Let g be ((-915320)/175 - -50)/((-4)/30). Calculate the highest common divisor of g and 27.
27
Let r(x) = -39 + 2*x + 3*x - 3*x - 5*x. Let w be r(-14). Suppose 2*v = -u + w*v + 60, -5*v - 44 = -u. What is the highest common divisor of u and 32?
32
Let s(o) = 26*o + 52 - 63*o + 10*o. Let t be s(0). Calculate the greatest common factor of t and 156.
52
Suppose -6*u + 35 = u. Let j = u + 10. Suppose 0 = 4*g + 3*b - 525, 4*b = 5*g - b - 700. What is the greatest common factor of g and j?
15
Let c(f) = -f**3 - 7*f**2 - 11*f - 26. Let n be c(-6). Let o be (4/(-1))/(n*2/(-92)). Suppose 7*s - o + 4 = 0. What is the highest common divisor of 3 and s?
3
Let i be (-9940)/(-140)*(0/2 + 37). What is the highest common factor of 71 and i?
71
Suppose r + 506 = 1506. Calculate the highest common divisor of r and 650.
50
Suppose 180 = 1343*o - 1334*o. Let w = 438 - 168. What is the highest common divisor of o and w?
10
Let v(t) = -47*t + 18. Let c be v(-2). Suppose -4*w = 5*l + 65, l = -0*l - 1. Let k be (-2 - w) + (2 - (4 + -5)). What is the highest common factor of k and c?
16
Let b(t) = 257*t**2 - 107*t + 221. Let u be b(2). What is the highest common divisor of 46 and u?
23
Suppose 30*g + 87*g - 233415 = 0. Calculate the highest common factor of 1785 and g.
105
Let p(u) = 36*u + 190. Let s be p(-5). Let a(o) = -o**3 - 12*o**2 - 26*o + 19. Let y be a(-9). What is the greatest common factor of y and s?
10
Let u be -20*(5 + -3)*1/(-4). Suppose 0*g = 2*g - u. What is the greatest common divisor of 25 and g?
5
Let h(j) = 79*j + 1617. Let f be h(44). What is the greatest common factor of 33 and f?
11
Let a(o) = 3*o**2 + 3*o - 8 + 8*o**2 + 4 - 8*o**2. Let l be a(3). Calculate the highest common factor of 736 and l.
32
Let r be 6946 - 50/(-225)*(-2 - -5)*-3.